
Let l(d) = 14*d**2 + 21303*d - 42607. Determine l(2).
55
Let i(n) = 2*n**3 - 9*n**2 + 162*n - 441. Determine i(3).
18
Let b(l) = -67*l**3 - 3*l**2 - 5*l - 6. Give b(-2).
528
Let s(d) = d**2 + 160*d + 6272. Determine s(-116).
1168
Let k(f) = 8764*f - 60983. Give k(7).
365
Let y(t) = 4*t**2 + 1112*t - 30273. Determine y(25).
27
Let q(m) = 853*m - 4677. Calculate q(5).
-412
Let f(m) = -m**3 - 20*m**2 + 76*m + 668. Calculate f(-22).
-36
Let y(t) = -6*t - 765. Determine y(-165).
225
Let z(m) = -225*m**2 - 5398*m + 26. Give z(-24).
-22
Let n(z) = -z**3 - 2*z**2 - 228900*z - 686716. Calculate n(-3).
-7
Let l(g) = 12*g**2 - 1645*g - 1509. Give l(138).
9
Let z(n) = -2*n**3 - 5*n**2 + 362*n - 1127. Calculate z(-16).
-7
Let t(i) = -33393*i - 1101968. Calculate t(-33).
1
Let m(t) = -t**2 + 15*t - 43. Calculate m(4).
1
Let k(h) = 10856*h + 4841770. Give k(-446).
-6
Let r(d) = 10*d**2 - 19*d - 132. What is r(-3)?
15
Let a(q) = 4809*q + 14204. Give a(-4).
-5032
Let q(k) = -130*k**2 - 15723*k + 841. What is q(-121)?
-6
Let w(h) = -385*h - 37311. Give w(-97).
34
Let r(v) = -8325*v - 1032208. Calculate r(-124).
92
Let g(l) = -422*l - 9210. Determine g(-22).
74
Let o(x) = -x**3 + 39*x**2 + 690*x - 29. Determine o(-15).
1771
Let r(u) = 48*u**2 + 1303*u - 9. Give r(-27).
-198
Let u(x) = -4610*x - 36889. Calculate u(-8).
-9
Let c(h) = h**3 - 143*h**2 + 5*h - 21461. What is c(144)?
-5
Let r(o) = 3280*o + 76323. What is r(-23)?
883
Let j(u) = -9*u**2 + 170*u - 6. Give j(18).
138
Let d(l) = 62*l**2 + 226*l + 50. What is d(-5)?
470
Let z(s) = s**2 + 27456*s - 1899231. What is z(69)?
-6
Let y(f) = f**3 - 29*f**2 + 142*f - 300. Give y(6).
-276
Let t(b) = 14*b**2 - 3030*b - 8116. What is t(219)?
-232
Let c(u) = -3315*u - 43355. Give c(-13).
-260
Let w(n) = 49*n**2 - 68*n + 4. Determine w(5).
889
Let m(p) = p**3 + 89*p**2 + 1972*p - 429. Determine m(-44).
-77
Let f(g) = -3248*g - 15123. What is f(-5)?
1117
Let g(r) = 32*r**3 - 14*r**2 + 13*r + 93. Calculate g(-2).
-245
Let y(h) = h**2 + 43*h + 154. Give y(18).
1252
Let o(v) = 2*v**3 + 4828*v**2 - 92465*v - 26769. Give o(-2433).
-6
Let a(v) = -v**2 + 353*v - 29504. Determine a(136).
8
Let q(x) = -17739*x + 549505. Determine q(31).
-404
Let j(l) = -17*l + 1955. What is j(51)?
1088
Let s(j) = j**2 - 83*j - 855. Calculate s(81).
-1017
Let p(x) = -9*x**2 + 120*x + 104. Give p(-7).
-1177
Let f(v) = -21*v**2 - 274*v - 546. Calculate f(-2).
-82
Let k(f) = -170*f - 48124. Calculate k(-278).
-864
Let s(r) = -16*r**2 + 1096*r - 547. Give s(68).
-3
Let j(q) = 9*q**3 - q**2 - 3063*q - 9175. Give j(-3).
-238
Let q(f) = f**3 + 33*f**2 + 49*f + 659. Calculate q(-32).
115
Let k(v) = v**3 - 308*v**2 + 7414*v + 11931. What is k(28)?
3
Let p(d) = 523*d - 37653. What is p(72)?
3
Let h(z) = -3159*z - 767702. Give h(-243).
-65
Let h(a) = -a**3 + 68*a**2 - 30*a - 6603. Determine h(67).
-4124
Let s(z) = -4631*z - 6121. Calculate s(-2).
3141
Let z(r) = 4*r**2 + 1633*r + 19528. Determine z(-12).
508
Let f(m) = 7*m**3 - 12565*m**2 - 41*m + 73601. Calculate f(1795).
6
Let i(x) = 2936*x**3 - 16*x**2 - 42*x - 25. Calculate i(-1).
-2935
Let b(u) = -67*u**2 + 1199*u + 1196. Give b(-1).
-70
Let n(w) = -4*w**3 + 54*w**2 - 652*w + 8214. Determine n(13).
76
Let o(n) = 34*n**2 - 1014*n - 27077. Give o(-17).
-13
Let d(p) = 16*p**2 + 12198*p - 93922. Give d(-770).
18
Let m(a) = 2*a**3 - 94*a**2 + 388*a - 61735. Give m(54).
41
Let d(t) = -1143*t + 9139. Determine d(8).
-5
Let x(o) = -307*o**2 - 20*o - 21. Determine x(-1).
-308
Let u(h) = -157*h + 44896. Calculate u(284).
308
Let m(y) = y**3 + 297*y**2 - 13*y - 3862. What is m(-297)?
-1
Let f(m) = 243*m + 8501. Calculate f(-33).
482
Let m(c) = 2733*c + 48978. What is m(-18)?
-216
Let n(u) = -u**2 + 151*u - 1092. What is n(8)?
52
Let b(a) = -9*a**2 + 1064*a + 12. Give b(0).
12
Let k(f) = -f**2 - 120*f - 4141. Determine k(-64).
-557
Let a(k) = -275*k + 1600. Calculate a(3).
775
Let j(t) = 1856*t - 96528. Determine j(52).
-16
Let p(f) = 3*f**2 + 1752*f - 21208. Determine p(12).
248
Let a(b) = -2206*b + 44110. Give a(20).
-10
Let y(x) = x**3 - 5*x**2 - 95*x - 227. What is y(-6)?
-53
Let s(q) = 2*q**3 - 130*q**2 + 575*q + 1547. What is s(60)?
47
Let c(u) = 3*u**3 + 24*u**2 + 483*u + 5432. What is c(-10)?
2
Let w(k) = 75*k**2 + 46*k - 3. Give w(-3).
534
Let r(i) = -1815*i + 10859. Calculate r(6).
-31
Let j(w) = w**2 + 82*w - 18880. Determine j(-184).
-112
Let k(v) = -5369*v + 26442. Give k(5).
-403
Let v(y) = -8*y**3 - 19*y**2 + 1961*y + 7820. Calculate v(-4).
184
Let y(a) = 8390*a + 42014. Give y(-5).
64
Let v(n) = -2*n**2 - 192*n - 1426. Determine v(-88).
-18
Let n(o) = -2638841*o + 7916528. Calculate n(3).
5
Let j(u) = u**2 - 20*u - 622. Calculate j(39).
119
Let g(a) = -a**3 + 2*a**2 - 88446*a + 353823. Calculate g(4).
7
Let q(b) = -2*b**2 + 11953*b + 83691. Give q(-7).
-78
Let j(w) = 401298*w - 3210375. Calculate j(8).
9
Let f(a) = -399*a + 44895. Give f(116).
-1389
Let d(r) = -3*r**2 - 745*r + 9056. Give d(-260).
-44
Let z(w) = w**3 + 3*w**2 - 27*w + 86. Determine z(9).
815
Let c(w) = -366*w - 33056. Calculate c(-90).
-116
Let n(y) = -y**3 + 2*y**2 + 35*y - 217. Give n(-7).
-21
Let i(y) = y**3 - 61*y**2 - 75*y + 903. What is i(62)?
97
Let n(a) = -338*a - 47295. Calculate n(-140).
25
Let h(r) = 526*r + 40558. Calculate h(-77).
56
Let n(z) = 37*z**2 + 113*z + 64. Give n(-4).
204
Let f(w) = -9610*w + 490173. Determine f(51).
63
Let x(u) = -u**3 - 62*u**2 + 634*u + 306. Give x(-71).
661
Let n(y) = 249*y**2 + 9*y + 49. Calculate n(-2).
1027
Let a(p) = -155*p + 1256. Determine a(8).
16
Let b(k) = k**3 - 79*k**2 + 826*k - 80040. What is b(81)?
-12
Let d(t) = t**2 - 27386*t - 109590. Give d(-4).
-30
Let p(t) = t**3 - 32*t**2 + t - 1433. Calculate p(33).
-311
Let i(s) = -s**3 + 13*s**2 + 62*s - 397. Calculate i(15).
83
Let f(x) = x**3 + 4*x**2 - 128*x - 463. Give f(12).
305
Let j(l) = -1598*l - 1263. Give j(-3).
3531
Let x(d) = -46*d**2 + 8391*d + 13425. Calculate x(184).
-7
Let m(w) = w**2 + 983*w + 197254. Give m(-702).
-8
Let k(y) = y**3 - 6*y**2 - 93*y + 718. What is k(9)?
124
Let n(b) = 132*b - 7243. Give n(54).
-115
Let v(u) = -u**3 + 375*u**2 - 198*u - 65819. What is v(374)?
5
Let p(h) = -3*h**2 + 312*h + 283. What is p(105)?
-32
Let v(p) = p**3 - 229*p**2 + 25*p - 5731. What is v(229)?
-6
Let d(w) = -w**3 - 412*w**2 + 19*w + 7831. Calculate d(-412).
3
Let p(n) = -n**3 - 15*n**2 - 37*n - 1137. Determine p(-17).
70
Let q(a) = 170*a - 8277. What is q(52)?
563
Let g(h) = 15*h**2 + 20049*h + 1588788. Calculate g(-1252).
0
Let g(u) = 6672*u - 13380. Give g(2).
-36
Let a(x) = x**3 - 59*x**2 + 610*x + 2212. What is a(44)?
12
Let b(l) = -115*l**2 - 364*l - 8. Calculate b(-2).
260
Let g(x) = x**3 - 6*x**2 - 767*x + 72. What is g(30)?
-1338
Let b(h) = 2*h**2 + 18836*h - 1443038. Determine b(76).
50
Let p(s) = -37501*s - 46688745. Calculate p(-1245).
0
Let f(j) = j**2 + 662*j + 72311. Calculate f(-138).
-1
Let j(z) = 2*z**3 + 230*z**2 - 201*z - 48767. Give j(-114).
139
Let r(m) = -3977*m + 1479417. Determine r(372).
-27
Let a(g) = -2*g**3 + 17*g**2 + 498*g - 5423. What is a(11)?
-550
Let j(u) = 3*u**2 - 87*u - 750. Calculate j(-15).
1230
Let f(w) = -2*w**2 - 854*w - 13362. Determine f(-15).
-1002
Let v(n) = 4*n**2 - 83*n + 240. Calculate v(9).
-183
Let f(t) = -4*t**3 - 3*t**2 + 32*t + 395. Determine f(-5).
660
Let g(l) = 4*l**2 + 62*l - 6560. Determine g(-49).
6
Let r(w) = 89*w + 2437. Give r(-35).
-678
Let a(y) = 12617*y - 100835. Give a(8).
101
Let x(d) = 16*d**2 + 176*d + 37. What is x(-10)?
-123
Let f(z) = -15*z**3 - 7*z**2 - 271*z - 534. What is f(-2)?
100
Let u(w) = -171*w - 16430. Give u(-96).
-14
Let k(v) = v**3 - 38*v**2 - 422*v - 2785. Calculate k(48).
-1
Let g(w) = -w**3 - 51*w**2 + 919*w + 469. What is g(-65)?
-116
Let b(z) = 7*z**3 + 63*z**2 + 86*z - 89. Calculate b(-2).
-65
Let y(k) = 3470*k + 17371. What is y(-5)?
21
Let o(l) = 9*l**3 - 3357*l**2 - 3368*l + 754. What is o(374)?
6
Let l(s) = 124912*s - 624555. Determine l(5).
5
Let c(s) = 10*s**3 - 8*s**2 + s + 31. Calculate c(2).
81
Let r(v) = 186*v - 19642. Calculate r(104).
-298
Let r(g) = 11*g**2 + 554*g + 2783. Determine r(-5).
288
Let v(y) = y**2 - 238*y - 17515. Determine v(297).
8
Let b(p) = 9234*p - 37152. What is b(4)?
-216
Let k(a) = a**3 + 1131*a